2
What is the units digit of 4395278200?
0
What is the millions digit of 15223975?
5
What is the billions digit of 1935512912?
1
What is the units digit of 1782159318?
8
What is the units digit of 705807?
7
What is the thousands digit of 608019299?
9
What is the ten millions digit of 151766170?
5
What is the thousands digit of 1129840321?
0
What is the units digit of 3377404887?
7
What is the hundreds digit of 50624576?
5
What is the thousands digit of 2586883779?
3
What is the tens digit of 151943989?
8
What is the ten millions digit of 242370486?
4
What is the ten millions digit of 332784960?
3
What is the hundreds digit of 164141711?
7
What is the tens digit of 75426983?
8
What is the hundred thousands digit of 3811871025?
8
What is the units digit of 652525760?
0
What is the units digit of 917695049?
9
What is the hundred thousands digit of 80006408?
0
What is the millions digit of 3986283?
3
What is the millions digit of 43105480?
3
What is the hundred thousands digit of 24121902?
1
What is the millions digit of 287473606?
7
What is the ten thousands digit of 50684029?
8
What is the millions digit of 3617867832?
7
What is the ten thousands digit of 22207472?
0
What is the hundred thousands digit of 744697829?
6
What is the hundreds digit of 1179025?
0
What is the hundred thousands digit of 76445124?
4
What is the thousands digit of 147189870?
9
What is the hundred thousands digit of 709913261?
9
What is the tens digit of 70307560?
6
What is the millions digit of 20376769?
0
What is the ten thousands digit of 213116110?
1
What is the hundred millions digit of 233827628?
2
What is the ten thousands digit of 250040458?
4
What is the hundred thousands digit of 73801024?
8
What is the hundreds digit of 661065577?
5
What is the ten thousands digit of 651603908?
0
What is the thousands digit of 807611835?
1
What is the hundred thousands digit of 108681459?
6
What is the ten millions digit of 551867611?
5
What is the units digit of 94519937?
7
What is the thousands digit of 1130652595?
2
What is the units digit of 183255381?
1
What is the tens digit of 285555177?
7
What is the millions digit of 406359581?
6
What is the thousands digit of 40926045?
6
What is the hundred thousands digit of 328457371?
4
What is the hundreds digit of 1327745183?
1
What is the thousands digit of 50894196?
4
What is the hundred thousands digit of 92598307?
5
What is the hundreds digit of 28262660?
6
What is the thousands digit of 12094693?
4
What is the tens digit of 75514960?
6
What is the hundred millions digit of 593631811?
5
What is the ten millions digit of 62563670?
6
What is the thousands digit of 2169671447?
1
What is the thousands digit of 52514442?
4
What is the thousands digit of 30170380?
0
What is the millions digit of 1920703?
1
What is the millions digit of 64398109?
4
What is the hundred millions digit of 157008101?
1
What is the units digit of 2603578395?
5
What is the hundred millions digit of 255543010?
2
What is the ten thousands digit of 28580225?
8
What is the billions digit of 2979216461?
2
What is the tens digit of 116094183?
8
What is the hundred thousands digit of 333943217?
9
What is the hundreds digit of 797302903?
9
What is the hundreds digit of 2095253876?
8
What is the thousands digit of 19522258?
2
What is the hundreds digit of 1638130677?
6
What is the millions digit of 898548717?
8
What is the millions digit of 1440229?
1
What is the millions digit of 39996135?
9
What is the hundreds digit of 48792650?
6
What is the millions digit of 114216516?
4
What is the hundred thousands digit of 5117756905?
7
What is the tens digit of 65903777?
7
What is the ten millions digit of 40338992?
4
What is the ten thousands digit of 6622343?
2
What is the hundreds digit of 237026144?
1
What is the units digit of 48788995?
5
What is the thousands digit of 3802108?
2
What is the hundreds digit of 15662919?
9
What is the units digit of 85489698?
8
What is the millions digit of 544132884?
4
What is the billions digit of 1617008824?
1
What is the ten millions digit of 2080683188?
8
What is the tens digit of 2722747940?
4
What is the thousands digit of 31980695?
0
What is the ten thousands digit of 863566757?
6
What is the ten thousands digit of 71956727?
5
What is the ten millions digit of 1791643457?
9
What is the hundreds digit of 169140108?
1
What is the thousands digit of 982384666?
4
What is the hundred thousands digit of 15079930?
0
What is the hundreds digit of 35313407?
4
What is the thousands digit of 239847694?
7
What is the ten thousands digit of 163106992?
0
What is the tens digit of 108588533?
3
What is the thousands digit of 758997220?
7
What is the thousands digit of 2051049722?
9
What is the millions digit of 475782215?
5
What is the ten thousands digit of 74403483?
0
What is the tens digit of 14645489?
8
What is the billions digit of 1292788816?
1
What is the ten millions digit of 358212807?
5
What is the hundred thousands digit of 65021023?
0
What is the thousands digit of 112515250?
5
What is the thousands digit of 2098624811?
4
What is the millions digit of 649291045?
9
What is the hundred thousands digit of 48051936?
0
What is the ten thousands digit of 219231033?
3
What is the hundreds digit of 14121588?
5
What is the hundreds digit of 521959718?
7
What is the millions digit of 705358215?
5
What is the hundred thousands digit of 719029398?
0
What is the millions digit of 4447661?
4
What is the hundred millions digit of 6089619292?
0
What is the hundred thousands digit of 108637748?
6
What is the millions digit of 126299725?
6
What is the units digit of 86616398?
8
What is the millions digit of 5745336?
5
What is the units digit of 835845?
5
What is the hundreds digit of 2062981189?
1
What is the ten thousands digit of 6799261464?
6
What is the thousands digit of 130720736?
0
What is the ten millions digit of 572288284?
7
What is the hundred thousands digit of 50454895?
4
What is the ten thousands digit of 75573868?
7
What is the ten millions digit of 131055659?
3
What is the millions digit of 14702860?
4
What is the millions digit of 677903213?
7
What is the hundred millions digit of 6235257417?
2
What is the units digit of 88129766?
6
What is the thousands digit of 1462800334?
0
What is the units digit of 8134323?
3
What is the ten millions digit of 420338826?
2
What is the tens digit of 107823984?
8
What is the millions digit of 591186556?
1
What is the hundreds digit of 52987375?
3
What is the hundred thousands digit of 57539344?
5
What is the millions digit of 6211523375?
1
What is the hundred thousands digit of 6410462544?
4
What is the tens digit of 1873380782?
8
What is the hundred millions digit of 321957078?
3
What is the ten millions digit of 37548260?
3
What is the tens digit of 780565137?
3
What is the millions digit of 570783071?
0
What is the millions digit of 101247534?
1
What is the hundred millions digit of 615155787?
6
What is the hundred millions digit of 230596016?
2
What is the hundreds digit of 2971225?
2
What is the thousands digit of 249913291?
3
What is the hundred thousands digit of 68389080?
3
What is the hundred millions digit of 1864572594?
8
What is the hundred thousands digit of 79977068?
9
What is the ten millions digit of 70979511?
7
What is the ten thousands digit of 461817767?
1
What is the hundred thousands digit of 130647528?
6
What is the millions digit of 317784640?
7
What is the ten millions digit of 8002386898?
0
What is the hundred thousands digit of 4548982973?
9
What is the hundreds digit of 351834616?
6
What is the hundred thousands digit of 2550244383?
2
What is the hundred thousands digit of 539751701?
7
What is the units digit of 331574020?
0
What is the thousands digit of 317949316?
9
What is the hundred thousands digit of 2236111097?
1
What is the thousands digit of 570200417?
0
What is the tens digit of 2356483964?
6
What is the hundred thousands digit of 38873036?
8
What is the thousands digit of 237867509?
7
What is the ten thousands digit of 7961638?
6
What is the ten millions digit of 698742805?
9
What is the thousands digit of 68750662?
0
What is the ten thousands digit of 99688041?
8
What is the millions digit of 1795853507?
5
What is the ten thousands digit of 6435267336?
6
